{"id":312,"date":"2024-08-05T10:01:03","date_gmt":"2024-08-05T10:01:03","guid":{"rendered":"http:\/\/daihai.com.vn\/?page_id=312"},"modified":"2024-08-06T15:18:59","modified_gmt":"2024-08-06T15:18:59","slug":"su-menh-tam-nhin","status":"publish","type":"page","link":"https:\/\/daihai.com.vn\/?page_id=312","title":{"rendered":"S\u1ee9 m\u1ec7nh, t\u1ea7m nh\u00ecn"},"content":{"rendered":"\n<p class=\"has-accent-color has-text-color has-link-color has-medium-font-size wp-elements-cb48a36662e8a6fba3c3dae74b05aef7\"><strong>T\u1ea7m nh\u00ecn<\/strong><\/p>\n\n\n\n<p>Tr\u1edf th\u00e0nh m\u1ed9t c\u00f4ng ty h\u00e0ng \u0111\u1ea7u trong l\u0129nh v\u1ef1c ph\u00f2ng ch\u00e1y ch\u1eefa ch\u00e1y, kh\u00f4ng ch\u1ec9 t\u1ea1i Vi\u1ec7t Nam m\u00e0 c\u00f2n v\u01b0\u01a1n t\u1ea7m qu\u1ed1c t\u1ebf. Ch\u00fang t\u00f4i lu\u00f4n h\u01b0\u1edbng \u0111\u1ebfn vi\u1ec7c x\u00e2y d\u1ef1ng m\u1ed9t m\u00f4i tr\u01b0\u1eddng an to\u00e0n, b\u1ea3o v\u1ec7 t\u00ednh m\u1ea1ng v\u00e0 t\u00e0i s\u1ea3n c\u1ee7a con ng\u01b0\u1eddi tr\u01b0\u1edbc nguy c\u01a1 ch\u00e1y n\u1ed5.<\/p>\n\n\n\n<figure class=\"wp-block-image size-full\"><img loading=\"lazy\" decoding=\"async\" width=\"1024\" height=\"1024\" src=\"https:\/\/daihai.com.vn\/wp-content\/uploads\/2024\/08\/tam-nhin.webp\" alt=\"\" class=\"wp-image-483\" srcset=\"https:\/\/daihai.com.vn\/wp-content\/uploads\/2024\/08\/tam-nhin.webp 1024w, https:\/\/daihai.com.vn\/wp-content\/uploads\/2024\/08\/tam-nhin-300x300.webp 300w, https:\/\/daihai.com.vn\/wp-content\/uploads\/2024\/08\/tam-nhin-150x150.webp 150w, https:\/\/daihai.com.vn\/wp-content\/uploads\/2024\/08\/tam-nhin-768x768.webp 768w, https:\/\/daihai.com.vn\/wp-content\/uploads\/2024\/08\/tam-nhin-600x600.webp 600w, https:\/\/daihai.com.vn\/wp-content\/uploads\/2024\/08\/tam-nhin-160x160.webp 160w\" sizes=\"auto, (max-width: 1024px) 100vw, 1024px\" \/><\/figure>\n\n\n\n<p><\/p>\n\n\n\n<h3 class=\"wp-block-heading has-accent-color has-text-color has-link-color has-medium-font-size wp-elements-e78b0de401c5bf2695a1e59aa9fad7e3\">S\u1ee9 m\u1ec7nh<\/h3>\n\n\n\n<p>Cung c\u1ea5p c\u00e1c s\u1ea3n ph\u1ea9m v\u00e0 d\u1ecbch v\u1ee5 ph\u00f2ng ch\u00e1y ch\u1eefa ch\u00e1y c\u00f3 ch\u1ea5t l\u01b0\u1ee3ng h\u00e0ng \u0111\u1ea7u t\u1ea1i Vi\u1ec7t Nam. Ch\u00fang t\u00f4i cam k\u1ebft mang \u0111\u1ebfn nh\u1eefng gi\u1ea3i ph\u00e1p ti\u00ean ti\u1ebfn, hi\u1ec7u qu\u1ea3 v\u00e0 b\u1ec1n v\u1eefng, \u0111\u00e1p \u1ee9ng m\u1ecdi nhu c\u1ea7u c\u1ee7a kh\u00e1ch h\u00e0ng, t\u1eeb c\u00e1c c\u00f4ng tr\u00ecnh nh\u1ecf l\u1ebb \u0111\u1ebfn nh\u1eefng d\u1ef1 \u00e1n quy m\u00f4 l\u1edbn.<\/p>\n\n\n\n<figure class=\"wp-block-image size-full\"><img loading=\"lazy\" decoding=\"async\" width=\"1024\" height=\"1024\" src=\"https:\/\/daihai.com.vn\/wp-content\/uploads\/2024\/08\/su-menh.webp\" alt=\"\" class=\"wp-image-486\" srcset=\"https:\/\/daihai.com.vn\/wp-content\/uploads\/2024\/08\/su-menh.webp 1024w, https:\/\/daihai.com.vn\/wp-content\/uploads\/2024\/08\/su-menh-300x300.webp 300w, https:\/\/daihai.com.vn\/wp-content\/uploads\/2024\/08\/su-menh-150x150.webp 150w, https:\/\/daihai.com.vn\/wp-content\/uploads\/2024\/08\/su-menh-768x768.webp 768w, https:\/\/daihai.com.vn\/wp-content\/uploads\/2024\/08\/su-menh-600x600.webp 600w, https:\/\/daihai.com.vn\/wp-content\/uploads\/2024\/08\/su-menh-160x160.webp 160w\" sizes=\"auto, (max-width: 1024px) 100vw, 1024px\" \/><\/figure>\n\n\n\n<h3 class=\"wp-block-heading has-accent-color has-text-color has-link-color has-medium-font-size wp-elements-cae77a3cebc0ea3ef3237d363cb257ba\">\u0110\u1ecbnh v\u1ecb<\/h3>\n\n\n\n<p>\u0110\u1ea1i H\u1ea3i \u0111\u1ecbnh v\u1ecb m\u00ecnh l\u00e0 m\u1ed9t th\u01b0\u01a1ng hi\u1ec7u Vi\u1ec7t Nam m\u1ea1nh m\u1ebd v\u00e0 uy t\u00edn, lu\u00f4n s\u1eb5n s\u00e0ng s\u00e1nh vai c\u00f9ng c\u00e1c th\u01b0\u01a1ng hi\u1ec7u qu\u1ed1c t\u1ebf trong l\u0129nh v\u1ef1c ph\u00f2ng ch\u00e1y ch\u1eefa ch\u00e1y. Ch\u00fang t\u00f4i kh\u00f4ng ng\u1eebng n\u1ed7 l\u1ef1c \u0111\u1ec3 c\u1ea3i ti\u1ebfn v\u00e0 \u0111\u1ed5i m\u1edbi, nh\u1eb1m mang l\u1ea1i gi\u00e1 tr\u1ecb t\u1ed1t nh\u1ea5t cho kh\u00e1ch h\u00e0ng v\u00e0 c\u1ed9ng \u0111\u1ed3ng.<\/p>\n\n\n\n<figure class=\"wp-block-image size-full\"><img loading=\"lazy\" decoding=\"async\" width=\"1024\" height=\"1024\" src=\"https:\/\/daihai.com.vn\/wp-content\/uploads\/2024\/08\/dinh-vi.webp\" alt=\"\" class=\"wp-image-488\" srcset=\"https:\/\/daihai.com.vn\/wp-content\/uploads\/2024\/08\/dinh-vi.webp 1024w, https:\/\/daihai.com.vn\/wp-content\/uploads\/2024\/08\/dinh-vi-300x300.webp 300w, https:\/\/daihai.com.vn\/wp-content\/uploads\/2024\/08\/dinh-vi-150x150.webp 150w, https:\/\/daihai.com.vn\/wp-content\/uploads\/2024\/08\/dinh-vi-768x768.webp 768w, https:\/\/daihai.com.vn\/wp-content\/uploads\/2024\/08\/dinh-vi-600x600.webp 600w, https:\/\/daihai.com.vn\/wp-content\/uploads\/2024\/08\/dinh-vi-160x160.webp 160w\" sizes=\"auto, (max-width: 1024px) 100vw, 1024px\" \/><\/figure>\n\n\n\n<p class=\"has-white-background-color has-background\"><\/p>\n\n\n\n<p><\/p>\n","protected":false},"excerpt":{"rendered":"<p>T\u1ea7m nh\u00ecn Tr\u1edf th\u00e0nh m\u1ed9t c\u00f4ng ty h\u00e0ng \u0111\u1ea7u trong l\u0129nh v\u1ef1c ph\u00f2ng ch\u00e1y ch\u1eefa ch\u00e1y, kh\u00f4ng ch\u1ec9 t\u1ea1i Vi\u1ec7t Nam m\u00e0 c\u00f2n v\u01b0\u01a1n t\u1ea7m qu\u1ed1c t\u1ebf. Ch\u00fang t\u00f4i lu\u00f4n h\u01b0\u1edbng \u0111\u1ebfn vi\u1ec7c x\u00e2y d\u1ef1ng m\u1ed9t m\u00f4i tr\u01b0\u1eddng an to\u00e0n, b\u1ea3o v\u1ec7 t\u00ednh m\u1ea1ng v\u00e0 t\u00e0i s\u1ea3n c\u1ee7a con ng\u01b0\u1eddi [&hellip;]<\/p>\n","protected":false},"author":1,"featured_media":0,"parent":0,"menu_order":0,"comment_status":"closed","ping_status":"closed","template":"","meta":{"footnotes":""},"class_list":["post-312","page","type-page","status-publish","hentry"],"jetpack_sharing_enabled":true,"_links":{"self":[{"href":"https:\/\/daihai.com.vn\/index.php?rest_route=\/wp\/v2\/pages\/312","targetHints":{"allow":["GET"]}}],"collection":[{"href":"https:\/\/daihai.com.vn\/index.php?rest_route=\/wp\/v2\/pages"}],"about":[{"href":"https:\/\/daihai.com.vn\/index.php?rest_route=\/wp\/v2\/types\/page"}],"author":[{"embeddable":true,"href":"https:\/\/daihai.com.vn\/index.php?rest_route=\/wp\/v2\/users\/1"}],"replies":[{"embeddable":true,"href":"https:\/\/daihai.com.vn\/index.php?rest_route=%2Fwp%2Fv2%2Fcomments&post=312"}],"version-history":[{"count":9,"href":"https:\/\/daihai.com.vn\/index.php?rest_route=\/wp\/v2\/pages\/312\/revisions"}],"predecessor-version":[{"id":489,"href":"https:\/\/daihai.com.vn\/index.php?rest_route=\/wp\/v2\/pages\/312\/revisions\/489"}],"wp:attachment":[{"href":"https:\/\/daihai.com.vn\/index.php?rest_route=%2Fwp%2Fv2%2Fmedia&parent=312"}],"curies":[{"name":"wp","href":"https:\/\/api.w.org\/{rel}","templated":true}]}}